is the greatest common divisor of n and 12?
4
Let q be -4*(-1)/1*369/164. Calculate the greatest common factor of q and 12.
3
Let h = -3405 - -3510. Let f = -26 - -41. Calculate the greatest common factor of f and h.
15
Let g(y) = y**3 - 2*y**2 + 4*y - 3. Let w be g(2). Suppose 0*z + 5*r = -w*z, -z - 5 = 2*r. Let q = 0 + z. What is the greatest common divisor of q and 40?
5
Let x be 1/((-4)/(-100*15)). Calculate the greatest common factor of x and 30.
15
Let y = 1945 - 1225. Calculate the highest common factor of 75 and y.
15
Let n = -1 - -12. Let b(c) = -c**3 - 9*c**2 + 3*c - 15. Let g be 64/(-24)*(1 + (-11)/(-4)). Let s be b(g). What is the highest common divisor of s and n?
11
Let v(q) = q**3 - 10*q**2 - 20*q - 43. Let p be v(12). What is the highest common factor of p and 265?
5
Let s be (3 + -1)/(1/2). Suppose 23 = s*w - 33. Let u = w + -12. What is the greatest common divisor of u and 2?
2
Let p be ((-35)/20 - -1)/(5/(-20)). Let n(a) = a + 2. Let u be n(0). Suppose -u*k = -3*k + p. Calculate the highest common divisor of 33 and k.
3
Let v be (1 + 68)/3 - 1. Let j be (198/24)/((-12)/(-112)). What is the highest common factor of j and v?
11
Let h be (-762)/(-21) + 28/(-98). What is the greatest common divisor of 60 and h?
12
Let i(o) = -o**3 + 8*o**2 - 4*o + 4. Let a be i(7). What is the greatest common factor of 5 and a?
5
Suppose 0 = 2*a + 12 - 26. Suppose 0 = -a*p + 969 - 297. What is the highest common factor of p and 12?
12
Let n be (-43)/(-1) + 8/8. Suppose -44 = -4*t + g, -4*t + g + g = -n. Let l = t + -4. Calculate the highest common factor of l and 49.
7
Let b = 1155 + -1149. What is the highest common divisor of b and 366?
6
Let g = -3 + 5. Suppose -3*j + 2*j - g = 0. Let z be 1*j + (-1 - -68). What is the greatest common divisor of 26 and z?
13
Let m be 3/(-2)*28/(-21). Let p(z) = 7*z - 8*z - 5*z**m - z + 39*z**2. Let u be p(2). Calculate the greatest common divisor of u and 12.
12
Let r = 30 - 31. Let i(d) = -25*d**3 + d**2 + d + 1. Let c be i(r). What is the greatest common divisor of 52 and c?
26
Suppose -2*m - 3 = -3*m. Suppose 5 = 5*l, m*n = 2*n + 3*l + 10. Suppose 0 = -3*k - 8 + 11, k + 285 = 2*v. Calculate the highest common factor of n and v.
13
Suppose 2*t - 7 = -3. Suppose 0*s + 4*s - 24 = 0. What is the greatest common divisor of t and s?
2
Let b = 236 + -61. What is the highest common factor of 7 and b?
7
Let y(n) = 3*n**2 + 39*n + 3. Let v be y(-13). Suppose 202 = 5*g - 103. Suppose 19 = -2*m + g. What is the greatest common divisor of m and v?
3
Let o(d) = -7*d - 6. Suppose 30 = -j + 29. Let i be o(j). What is the greatest common divisor of 19 and i?
1
Suppose 8*t = 11*t + 4*a - 17, -3*t + 2*a + 41 = 0. Calculate the greatest common divisor of t and 297.
11
Suppose 4*t + 8 = 8*t. Suppose t*u - 180 = -4*i + 408, -u = -5*i - 266. Let q = -22 + 48. Calculate the greatest common divisor of q and u.
26
Suppose 14*j + 423 = 15*j + i, -866 = -2*j + 3*i. What is the greatest common factor of j and 61?
61
Let h(l) = l**2 + l + 5. Let i be h(3). Let s = i + 10. What is the greatest common factor of 9 and s?
9
Let f = 60 + 64. Calculate the highest common divisor of 31 and f.
31
Suppose 2*u + 3*d = 19, 5*u - 31 = d - 3*d. Suppose u = -q + 29. Calculate the greatest common divisor of 3 and q.
3
Let k(d) = d**3 + 4*d + 136. Let i be k(0). Calculate the highest common factor of i and 17.
17
Let s(c) = c**3 - 6*c**2 + 6. Suppose -30 = -9*f + 4*f. Let o be s(f). Let h(n) = 30*n + 7. Let a be h(o). Calculate the highest common factor of a and 17.
17
Let c = 41 - 18. Suppose x - c = -1. What is the greatest common divisor of 55 and x?
11
Suppose 5*v + 2*d = 5*d + 210, -2*v + 105 = 3*d. Calculate the highest common divisor of 45 and v.
45
Let v(f) = -f**3 - 25*f**2 - 26*f - 15. Let w be v(-24). Let p be -5*12/(-20)*w. What is the greatest common factor of p and 9?
9
Let t = 688 - 472. What is the highest common divisor of 54 and t?
54
Let q be (-19)/95 + (-11)/(-5). Let g be (-1 + 0 + -6)/((-1)/2). What is the greatest common divisor of g and q?
2
Let a(k) = -4*k + 3. Let q be a(13). Let r = 105 + q. Let y = 16 - 8. Calculate the greatest common factor of y and r.
8
Let b(y) be the second derivative of 5*y**3/6 + 3*y**2/2 + 7*y. Let v be b(2). Suppose v = p - 23. What is the highest common divisor of 12 and p?
12
Let x(s) = -2*s**2 - 25*s - 37. Let y(f) = f**2 + 13*f + 19. Let k(n) = 3*x(n) + 5*y(n). Let d be k(-6). What is the greatest common divisor of 32 and d?
8
Let n = -1 + 10. Let k = n + -12. Let z be (18 - 0/2) + k. What is the greatest common factor of 10 and z?
5
Suppose 4*k - 16 = 0, -2*o + k + 318 = -418. What is the greatest common divisor of o and 15?
5
Suppose r - 665 + 214 = 0. What is the greatest common factor of r and 41?
41
Let s = -12 - -28. Let c = -25 - -10. Let d be ((-24)/(-5))/((-3)/c). Calculate the highest common factor of s and d.
8
Let l be (-13)/(-65) - (-1436)/20. What is the greatest common divisor of 9 and l?
9
Let g be 3/(0 - (-3)/4). Let i(y) = y**3 - 18*y**2 + 77*y + 3. Let p be i(11). Suppose -52 = -p*l - o, o = g - 0. What is the highest common divisor of l and 2?
2
Let y(a) = a**2 + 11*a - 7. Let s be y(5). Suppose 7*k = 4 + s. Calculate the highest common divisor of k and 33.
11
Let h(c) = c**2 + 8*c. Let m(b) = b - 6. Let j be m(10). Let r be h(j). Calculate the greatest common factor of 8 and r.
8
Let o(m) = 3*m**2 - 15*m - 21. Let y be o(-4). What is the highest common factor of y and 58?
29
Suppose 255*x = 257*x - 266. Calculate the highest common factor of x and 21.
7
Let g(i) = 5*i**2 + 63*i + 190. Let r be g(-3). What is the greatest common divisor of 1150 and r?
46
Let x(i) = -4*i - 8. Let s be x(-4). Let c(u) = 2*u**2 - 5*u - 4. Let n be c(4). Suppose s*v = 10*v - n. What is the highest common divisor of 16 and v?
4
Let a(q) = -22*q. Let i be a(-1). Let p be (6/(-4))/((-7)/(392/21)). Let r be ((-2)/p)/(1/(-176)). What is the greatest common divisor of i and r?
22
Let p(q) = 10*q - 95. Let z(f) = -3*f + 32. Let c(w) = 2*p(w) + 7*z(w). Let s be c(19). Calculate the greatest common divisor of 60 and s.
15
Suppose 59 = 4*h - 2077. Calculate the highest common factor of 12 and h.
6
Let a(f) = f**2 - 7*f + 57. Let w be a(11). What is the highest common factor of 1111 and w?
101
Suppose -118*w + 126*w - 208 = 0. Calculate the greatest common divisor of w and 351.
13
Let r = 4 + 0. Suppose 5*v - 27 = 3*h - 2, 4*v = 4*h + 20. Suppose w + 1205 = v*z, -w + 6*w + 985 = r*z. What is the highest common divisor of 30 and z?
30
Suppose 0 = -2*y + 5*o + 75, 2*o + 4 = 2. Calculate the greatest common divisor of 1295 and y.
35
Let j(u) = 44*u - 2. Let d be j(1). Let m be ((-336)/16)/(1/(-3)). What is the highest common factor of d and m?
21
Let z be -3*2/3 - (-175 - 1). Calculate the highest common factor of 58 and z.
58
Let r = 26 - 55. Let s = -662 + 622. Let g = r - s. What is the greatest common divisor of g and 121?
11
Let b = 391 + -301. Let k(h) = -37*h - 1. Let t be k(-1). What is the greatest common factor of b and t?
18
Suppose -2*y - y + 45 = 0. Suppose -17*g = -y*g - 6. Let s be 2 + (-44)/(2*-1). What is the greatest common divisor of g and s?
3
Suppose 28*u - 6084 = 15*u. What is the greatest common divisor of u and 180?
36
Suppose -150 = 3*w - 0. Let z be (36/(-45))/(4/w). What is the highest common divisor of 20 and z?
10
Let q(w) = w**3 - w - 18. Let g be q(6). What is the greatest common divisor of g and 6?
6
Let n be ((-2145)/99)/(2/(-18)). Let f be 1 + 12 - (-1 - -1). Calculate the highest common divisor of f and n.
13
Let s(l) = 13*l**2 - 3*l - 1. Let z be s(2). Suppose w = 45 + z. Calculate the greatest common factor of 36 and w.
18
Let v be -5*6/(-10) - 7. Let d be v + 6 - (-30)/(2/1). Calculate the greatest common factor of 17 and d.
17
Let r be 4*4 - (3 + 1). Suppose 0 = 8*t - 60 + r. What is the greatest common divisor of 3 and t?
3
Suppose 0 = -7*r - 10 + 101. Let l be 148 + -7 + (-4)/(-2). Calculate the greatest common factor of r and l.
13
Let c be 2/4 - 22/(-4). Let t be (c/(-10))/((-2)/10). Suppose -7*g + 11*g = 36. Calculate the highest common factor of t and g.
3
Suppose -11676 = 33*t - 39*t. Calculate the highest common divisor of t and 14.
14
Let q be (-31 + 1)*(55